 9. Determine q(10).
199
Let m(i) = i**2 + 1152*i + 8011. Determine m(-7).
-4
Let i(t) = t**2 + 63*t + 832. Give i(-53).
302
Let m(w) = 74*w - 220. Determine m(3).
2
Let p(n) = 3*n**2 + 44*n + 178. What is p(-5)?
33
Let y(b) = -15*b - 116. What is y(16)?
-356
Let l(w) = 12*w**3 + 7*w**2 - 2*w + 3. Give l(3).
384
Let h(f) = f**3 - 63*f**2 - 193*f - 345. Determine h(66).
-15
Let t(g) = -71*g - 156. Calculate t(-3).
57
Let m(s) = 2*s**2 + 107*s - 773. Calculate m(-60).
7
Let b(y) = y**3 + 8*y**2 + 15*y - 6. Calculate b(-3).
-6
Let w(x) = -16*x - 181. Determine w(-23).
187
Let l(f) = -f**3 - 14*f**2 - 26*f + 2. Calculate l(-2).
6
Let i(w) = -144*w - 1468. Determine i(-10).
-28
Let x(d) = -28*d + 4294. Give x(154).
-18
Let w(q) = -18*q**2 - 16*q + 3. What is w(-3)?
-111
Let t(i) = i**3 - 5*i**2. Calculate t(4).
-16
Let v(y) = -15*y - 1315. What is v(-81)?
-100
Let n(a) = -a**2 + 54*a + 3. Give n(-3).
-168
Let z(d) = 37*d + 23. Give z(-2).
-51
Let o(v) = -55*v**3 + 16*v**2 - 12*v - 3. Calculate o(1).
-54
Let d(h) = 4*h**3 + 26*h**2 + 113*h + 2. Determine d(-4).
-290
Let i(j) = -29*j - 9. Give i(0).
-9
Let w(s) = 11*s + 455. Give w(-30).
125
Let g(v) = -2*v**2 - 16*v + 105. Calculate g(-16).
-151
Let q(o) = 66*o**3 - 1253*o**2 - 18*o - 9. What is q(19)?
10
Let b(g) = 6*g**3 - 365*g**2 + 301*g - 52. Calculate b(60).
8
Let h(o) = o**3 + 35*o**2 - o - 1188. Calculate h(-34).
2
Let g(t) = -161*t + 1435. Give g(9).
-14
Let f(x) = -75*x**2 - 2*x - 3. Determine f(-1).
-76
Let u(h) = h - 135. Determine u(-10).
-145
Let d(k) = -55*k + 304. Determine d(8).
-136
Let g(u) = 11*u + 388. Determine g(-37).
-19
Let a(s) = -4715*s + 33008. What is a(7)?
3
Let t(j) = 57*j**2 - 1312*j + 40. Give t(23).
17
Let t(k) = k**3 - 30*k**2 + 12*k - 350. Give t(30).
10
Let s(d) = 248*d + 233. What is s(-1)?
-15
Let k(m) = 11*m + 314. Calculate k(-29).
-5
Let c(j) = 3*j**2 + 111*j - 145. Determine c(-37).
-145
Let z(v) = -v**2 - 30*v - 216. Calculate z(-18).
0
Let q(l) = -2*l**3 + 59*l**2 - 25*l + 26. Give q(29).
142
Let o(a) = 737*a - 14019. Give o(19).
-16
Let r(p) = p**3 + 18*p**2 + 8*p - 72. Give r(-16).
312
Let t(k) = 16391*k - 131134. Determine t(8).
-6
Let a(y) = -y - 110. Give a(-7).
-103
Let t(i) = -25*i**3 + 7*i**2 + 2. Calculate t(-1).
34
Let q(f) = f**3 + 31*f**2 - 67*f - 12. Determine q(-33).
21
Let f(r) = -r**3 + 10*r**2 - 36*r + 216. Give f(9).
-27
Let j(v) = -180*v**2 + 13*v + 2. What is j(2)?
-692
Let o(j) = 2*j**2 + 48*j - 73. What is o(-29)?
217
Let n(t) = 2*t**3 - 47*t**2 - 101*t + 659. What is n(25)?
9
Let w(q) = q**3 + 31*q**2 - 360*q + 57. Give w(-40).
57
Let f(o) = -2*o**2 - 13*o - 15. Determine f(-3).
6
Let s(w) = 5*w**2 - 1. What is s(-2)?
19
Let h(z) = -35*z**2 + 4342*z - 265. Determine h(124).
-17
Let m(q) = q**2 - 60*q - 1113. Determine m(75).
12
Let y(k) = 157*k + 571. Calculate y(-5).
-214
Let x(d) = -2*d**3 + 11*d**2 + 337*d - 1722. What is x(5)?
-12
Let x(n) = 254*n + 28952. What is x(-114)?
-4
Let x(v) = -70*v - 3325. What is x(-42)?
-385
Let h(n) = -n**2 - 544*n + 29063. What is h(49)?
6
Let q(j) = j**2 + 33*j - 195. What is q(-38)?
-5
Let j(f) = -135*f**2 + 12*f - 7. What is j(1)?
-130
Let f(w) = 5*w**2 + 30*w - 32. Calculate f(-14).
528
Let j(r) = -2*r**3 + 5*r**2 - 2*r - 32. Calculate j(6).
-296
Let p(j) = j**2 - 7*j - 26. Calculate p(18).
172
Let y(j) = j**2 + 94*j + 2329. Determine y(-66).
481
Let y(o) = -41*o + 157. Determine y(8).
-171
Let j(d) = d**3 - 15*d**2 + 54*d - 210. What is j(12)?
6
Let t(a) = -a**3 + 7*a**2 + 22*a - 5. Calculate t(5).
155
Let n(v) = -3*v - 59. Give n(-14).
-17
Let h(t) = 1087*t - 11991. Calculate h(11).
-34
Let r(a) = -4*a**2 + 16*a + 54. Determine r(7).
-30
Let d(r) = 2*r**2 + 123*r - 568. Give d(-66).
26
Let w(v) = 1463*v - 5857. What is w(4)?
-5
Let h(g) = -g**3 + 26*g**2 + 27*g + 1. Give h(27).
1
Let a(j) = j**2 - 22*j - 500. Calculate a(36).
4
Let q(v) = 2*v**3 + 15*v**2 - 2*v - 69. Give q(0).
-69
Let t(s) = -s**2 - 14*s + 80. Give t(-19).
-15
Let r(j) = j**2 - 108*j - 6675. Determine r(-44).
13
Let f(n) = 25*n - 1076. Give f(42).
-26
Let p(v) = v**3 - 8*v**2 - 39*v - 41. Give p(12).
67
Let k(d) = -4*d**3 + 15*d**2 - 38*d - 32. Give k(6).
-584
Let h(b) = -b**3 + 13*b**2 - 30*b - 1. Give h(6).
71
Let q(p) = 4*p**2 - 38*p + 105. Determine q(13).
287
Let i(x) = 99*x + 384. Determine i(-5).
-111
Let g(k) = k**3 + 11*k**2 + 12*k - 8. What is g(-11)?
-140
Let o(r) = -r**3 + 4*r**2 - 15*r + 2. Give o(4).
-58
Let d(g) = -335*g**2 + 2*g + 2. Give d(1).
-331
Let k(v) = -2*v**3 + 3*v - 10. What is k(3)?
-55
Let p(l) = -l**2 - 2218*l - 17680. Give p(-8).
0
Let n(a) = 61*a - 366. Calculate n(6).
0
Let g(x) = -1048*x + 8372. Calculate g(8).
-12
Let q(v) = v**3 + 25*v**2 - 17*v + 245. Calculate q(-26).
11
Let w(v) = -256*v + 758. Calculate w(3).
-10
Let c(i) = -606*i - 17577. Give c(-29).
-3
Let i(l) = -2*l**2 + 187*l - 64. What is i(93)?
29
Let q(z) = -z**3 - 12*z**2 + 23*z + 186. What is q(-13)?
56
Let r(y) = y**2 + 3*y - 7. Determine r(1).
-3
Let d(v) = -1013*v - 2182. Calculate d(-2).
-156
Let u(f) = -f**3 - 37*f**2 - 131*f + 8. Give u(-4).
4
Let z(w) = -w**2 + 28*w - 204. Determine z(19).
-33
Let n(u) = -u**3 + 28*u**2 + 3*u + 44. Give n(28).
128
Let r(g) = -1294*g + 2681. Calculate r(2).
93
Let r(q) = 6935*q + 159504. Determine r(-23).
-1
Let i(a) = -4*a**3 - 22*a**2 - 10*a + 5. Give i(-5).
5
Let i(t) = 224*t**3 - t**2 - 15*t - 11. What is i(-1)?
-221
Let z(s) = 2*s**3 + 14*s**2 + 162*s + 1257. Give z(-7).
123
Let p(r) = 13*r + 104. Calculate p(0).
104
Let g(d) = 4*d**3 - 46*d**2 - 25*d + 26. Give g(12).
14
Let j(i) = 11*i - 763. What is j(70)?
7
Let x(z) = -z**2 - 323*z - 322. Give x(-1).
0
Let b(q) = 2*q**3 - 36*q**2 + q - 33. Calculate b(18).
-15
Let h(r) = -r**3 + 9*r**2 + 10*r - 167. Calculate h(7).
1
Let j(o) = 29*o**2 - 291*o - 4. Calculate j(10).
-14
Let v(f) = -f**2 + 17*f - 129. Determine v(10).
-59
Let s(z) = z**2 + 2736*z + 16375. Calculate s(-6).
-5
Let i(q) = 38*q + 395. Give i(-8).
91
Let s(x) = -19*x + 636. Determine s(42).
-162
Let f(h) = 2*h**3 + 7*h**2 - 20*h + 13. Calculate f(-7).
-190
Let g(z) = z**2 + 46*z + 83. Calculate g(-45).
38
Let l(n) = n**2 + 43*n - 214. Calculate l(5).
26
Let a(x) = -9*x - 29. Determine a(-7).
34
Let y(d) = 268*d - 2671. What is y(10)?
9
Let b(s) = -43*s**3 - 28*s**2 + 56*s - 4. Give b(2).
-348
Let y(p) = 28*p - 459. Determine y(-7).
-655
Let x(d) = 46*d + 1226. Determine x(-27).
-16
Let z(n) = 4*n**2 + 23*n + 24. Determine z(-8).
96
Let p(v) = -3*v**2 - 1609*v - 6386. Give p(-4).
2
Let u(z) = -7*z**3 + 9*z**2 - 5*z - 4. Calculate u(1).
-7
Let j(m) = -162*m + 3071. Calculate j(19).
-7
Let n(v) = -v**2 - 54*v - 687. Determine n(-32).
17
Let q(x) = -2*x**2 + 6*x + 223. Give q(-18).
-533
Let x(y) = -50*y - 320. Determine x(-6).
-20
Let u(y) = y**3 + 4*y**2 + 30*y + 54. Determine u(-6).
-198
Let m(t) = t**3 - 8*t**2 + 87*t - 352. Give m(5).
8
Let b(t) = t**2 + 32*t - 214. Calculate b(-36).
-70
Let g(f) = -3*f**3 + 50*f**2 - 69*f + 581. What is g(16)?
-11
Let k(j) = -23*j + 241. Determine k(9).
34
Let o(k) = -k**3 - 6*k**2 - 6*k - 174. Determine o(-8).
2
Let g(t) = 2*t**3 - 198*t**2 + 195*t + 91. Calculate g(98).
-7
Let y(v) = 2*v**2 + 511*v + 1022. What is y(-2)?
8
Let z(n) = n**3 + 43*n**2 + 23*n - 435. Calculate z(-42).
363
Let y(c) = -19*c**3 - c**2 + 9*c + 11. Give y(-1).
20
Let x(n) = -2*n**3 + 465*n**2 + 291*n - 13510. Calculate x(233).
4
Let s(x) = -x**2 - 73*x + 829. Calculate s(-83).
-1
Let r(c) = c**2 - 26*c - 192. Determine r(28).
-136
Let k(w) = 6*w**2 + 90*w - 269. Give k(3).
55
Let g(r) = -154*r - 1075. Give g(-7).
3
Let g(b) = b**3 - 14*b**2 + 40*b + 63. Give g(7).
0
Let p(k) = k**3 - 4*k**2 - 55*k + 52. Determine p(9).
-38
Let x(q) = -q**3 + 54*q**2 + 3627*q + 14. Give x(-39).
14
Let t(h) = 25*h + 989. Give t(-45).
-136
Let x(l) = -169*l - 102. What is x(0)?
-102
Let w(k) = -1084*k - 11926. Give w(-11).
-2
Let b(y) = -y**3 + 23*y**2 - 120*y + 190. Determine b(4).
14
Let y(v) = -2*v**2 + 17*v - 33. Calculate y(4).
3
Let k(o) = o**3 + 20*o**2 + 82*o + 51. Calculate k(-5).
16
Let r(a) = 80*a + 6761. Calculate r(-86).
-119
Let s(l) = 186*l - 5949. Determine s(32).
3
Let r(l) = -l**3 - 4*l**2 + 64*l - 1075. Determine r(-14).
-11
Let y(r) = -r**3 + 8*r**2 - 